vative of 0*o + 1/12*o**4 + o**2 + 2/3*o**3 + 0. Calculate t(4).
12
Suppose 8*y - 4*y = -4. Let p(k) be the first derivative of 4/3*k**3 + 0*k**2 + 3 - k. What is p(y)?
3
Let f(z) = -6*z**3 - 20 - 6*z**2 - 5*z + 18 + 5*z**3. Let u be (-6)/(2/1) + -2. Determine f(u).
-2
Let q(f) = 6*f - f**3 - 1 - 4*f**2 + 11 + 10*f**2. Let t be 79/11 + 5*(-10)/275. What is q(t)?
3
Let r(m) = -3*m**2 - 4*m - 8. Let l(a) be the second derivative of -2/3*a**3 - 7/2*a**2 + 0 + a - 1/6*a**4. Let w(o) = -4*l(o) + 3*r(o). Determine w(5).
-1
Let i(l) = l**2 + 7*l - 11. Let b = -6 - 2. What is i(b)?
-3
Let f(l) = -l**2 - 3*l + 7. Suppose -4 = -3*g - 19. Give f(g).
-3
Suppose -40 = -j - 4*j - 3*t, 2*j - 15 = -t. Let c(q) = q - 3*q + 1 + 3. What is c(j)?
-6
Let a(i) = -2*i**3 - 3*i**2 - i + 11. Let c(y) = 3*y**3 + 5*y**2 + y - 16. Let r(m) = 7*a(m) + 5*c(m). Calculate r(-4).
5
Let b(m) = 2 + m**2 - 92*m + 43*m + 1 + 41*m. Give b(6).
-9
Let l(k) be the first derivative of -k**3/3 + k**2/2 + 11*k + 7. What is l(0)?
11
Let j = 13 + -9. Let a(m) = -2*m**2 - 2*m - 9. Let p(o) = 2*o**2 + 8 + 3*o + o**2 + 2. Let z(k) = j*a(k) + 3*p(k). Give z(0).
-6
Let l be 2 + -2 - (0 + -1 - -3). Let j(v) = v**3 + v + 2. Calculate j(l).
-8
Let w(j) = -j - 2. Let r(a) = a + 17. Let l be r(0). Suppose -c - 4*f - l = 0, -5*c - 5*f - 43 = -3. Give w(c).
3
Let t(y) be the second derivative of -7*y**4/12 + y**3/6 + 13*y. Let l be 1 - 1 - 1*-1. What is t(l)?
-6
Let m = -13 + 11. Let x(y) = y**3 - y + 1. Determine x(m).
-5
Let v(n) = 3*n**2 - 1. Suppose 0*u - u - 14 = -4*i, 6 = 2*i. Calculate v(u).
11
Let c = -40 - -45. Let f(h) = 8*h - 11. Let s be 1*-5*18/15. Let p(x) = 7*x - 10. Let u(m) = c*f(m) + s*p(m). Determine u(-4).
13
Let i be (12/(-10))/((-4)/10). Let o be (0 + 3)*1 - 1. Let d(z) = -z**2 + 0*z**o + 2*z + 3 + 0*z**2. Determine d(i).
0
Let v = 27 - 18. Let s(h) = -v*h + 5*h + h - 1. Determine s(2).
-7
Let m(j) = -5*j**3 - j. Let s(c) = -2*c**2 - 10*c + 3. Let l be s(-5). Let o(p) = -p**3 + 2*p**2 + 2*p + 4. Let f be o(l). Give m(f).
-6
Let n(y) = 4 + 3*y - y - 2 - y. Let l be n(4). Let k(s) = -s**2 + 6*s + 6. Determine k(l).
6
Suppose 39*u - 38*u = 5. Let r(o) = o - 4. What is r(u)?
1
Let z(h) = -10*h**2 + 14*h - 25. Let y(d) = -3*d**2 + 5*d - 8. Let q(f) = -7*y(f) + 2*z(f). Let t be q(6). Let s(g) = g**2 + g - 6. What is s(t)?
-6
Let p(s) = -s - 9. Let l(t) = t + 9. Let n(h) = 5*l(h) + 6*p(h). Determine n(-4).
-5
Let t(d) = -d - 5. Suppose -3*g = 2*g - 900. Suppose -2*y - 2*y = -g. Let i be (-170)/y - (-4)/(-18). What is t(i)?
-1
Let f(y) = 5*y - 6. Let l(k) = -k + 1. Let t(n) = f(n) + 4*l(n). Determine t(-3).
-5
Suppose 5*p + 2 = 12. Let w(a) = a**2 - 2*a + 3. Let o be w(p). Let f(t) = t**2 - 3 - 4 - o*t + 2. Determine f(5).
5
Let w(c) be the third derivative of 0*c**4 + 0 - 1/6*c**3 + c**2 + 0*c + 0*c**5 - 1/180*c**6. Let m(i) be the first derivative of w(i). What is m(-1)?
-2
Suppose 3 - 7 = w. Let t(r) = -r**2 - 2*r + 4. Determine t(w).
-4
Let h(l) = l + 13. Let q be h(-7). Let y(o) = -2*o + 17. Let g be y(q). Let m(t) = -t**2 + 8*t - 5. Calculate m(g).
10
Let l(m) be the third derivative of m**9/8640 - m**8/10080 - m**7/2520 - m**6/720 - m**5/20 - 3*m**2. Let p(c) be the third derivative of l(c). Give p(-1).
-8
Suppose -w - 2*w = 9. Let i be 1/w - (-1)/3. Let s(m) = i*m - m**2 - 1 + 3*m - 4*m. What is s(0)?
-1
Let t(c) be the third derivative of -c**6/120 - c**5/20 - c**4/8 - c**3/2 - 4*c**2. Suppose -3*k - 12 = 0, 7*k - 2*k = 5*z - 5. What is t(z)?
6
Let f(w) = 0*w**2 - 2 + w**2 + w - 2. Give f(-4).
8
Let g = 8 + -4. Suppose -5*q - 5*d + 20 = 0, 4*d - g = -0*d. Let r(u) = u**2 + u - 1. Let p(h) = 5*h**2 + 9*h - 4. Let v(k) = -p(k) + 6*r(k). Calculate v(q).
-2
Let m(n) be the third derivative of -n**5/60 + 5*n**4/24 + 7*n**2. Give m(3).
6
Let m(c) = 5*c**3 + 10*c**2 + c - 3. Let i(d) = 14*d**3 + 29*d**2 + 2*d - 8. Let o(l) = -6*i(l) + 17*m(l). Calculate o(3).
3
Let g(v) be the first derivative of -v**2/2 + 5*v + 1. Let o(q) = q**2 - 5*q + 6. Let h be o(4). Let k be 4/6*(8 - h). Determine g(k).
1
Let t(n) = 355 + 2*n + 0*n - 355. What is t(-6)?
-12
Suppose 0 = 4*c - 0*c. Let q(l) = -3*l**2 + c*l**2 + 5*l - 2*l**2 + l**3 - 2*l**2 - 1. Suppose 0 = -4*t + 10 + 14. What is q(t)?
-7
Let u = -20 - -26. Let y = -5 + 8. Let g(p) = u - 3 + y*p - p**2 + 4. Determine g(5).
-3
Let w(h) be the second derivative of -3*h**5/20 + h**3/6 - h**2/2 + 2*h - 120. Suppose 4*n - 5 = -b, -4*b + 3 = 5*n - 6. What is w(n)?
-3
Let y(w) = 9*w**2 - 10*w - 21. Let k(g) = 5*g**2 - 5*g - 11. Let q(d) = -11*k(d) + 6*y(d). Give q(-5).
-5
Let m = 173 + -175. Let b(k) be the third derivative of 0*k**4 + 0 - 1/120*k**6 + 0*k - 1/60*k**5 + k**2 - 1/3*k**3. Calculate b(m).
2
Let x(h) = -10*h - 1. Let z(s) = -s**3 - 5*s**2 - 1. Let r be z(-5). Give x(r).
9
Suppose q = -o + 5, -2*q + 3*o - 4*o + 7 = 0. Let c(h) be the first derivative of -h**2 + 3*h - 2. Determine c(q).
-1
Let i(x) = -x**3 - 2*x**2 - x + 2. Suppose -3*u - 71 = -65. Calculate i(u).
4
Let c(l) = -l**2 - 3*l - 1. Suppose j - 4*j - 3*y = 12, 2*j + 3*y + 11 = 0. Determine c(j).
1
Let x(t) = 2*t - 8*t - 1 + 7*t. Suppose 0 = -2*z + 2 + 2. What is x(z)?
1
Let m(i) = i**3 + 7*i**2 + 5*i - 3. Let a be (-13)/1 - (4 - 1). Let o be 104/a - 1/(-2). Give m(o).
3
Let q(t) = t + 2. Let w = 16 + -20. Give q(w).
-2
Let v = -3 - -1. Let q(w) be the third derivative of -2*w**2 + 1/24*w**4 + 0*w + 1/6*w**3 + 0 + 1/60*w**5. What is q(v)?
3
Let f(k) = -1 - 6*k + 5*k - 2*k - k. Calculate f(-1).
3
Let j(g) = 3*g. Let d(t) = -t**2 + 6*t - 3. Let m = 1 - -2. Suppose 7 = m*v - 8. Let y be d(v). Calculate j(y).
6
Suppose 0 = -5*j - 57 + 7. Let u = 11 + j. Let m(y) = -6*y. Calculate m(u).
-6
Let b = 2 - -5. Let d(v) = 1 - 12*v - 2 + b*v. Calculate d(1).
-6
Suppose -1 = y - 7. Let g(k) = -k**3 + 6*k**2 + k - 4. Give g(y).
2
Let n(t) = -t + 3. Let v(w) = 4*w - 14. Let u(b) = 14*n(b) + 3*v(b). Calculate u(-1).
2
Let x(v) = v + 1. Let t be x(-6). Let a be 2/2 + 6 + t. Let p = a + 0. Let n(c) = -c**3 - 2*c**2 + 3*c - 2. Give n(p).
-12
Let l(n) = -n + 2. Let p(s) = -4*s - 2. Let u be p(-4). Let q be 8/u*28/8. Determine l(q).
0
Let n(l) = -l**3 + 4*l**2. Let k = 8 + -4. Let u = -2 + k. Suppose -4*i - 5*o + 31 = 0, -u*i + 3*o - 1 = -0. Give n(i).
0
Let i(k) = 0 + 2*k**2 + k**3 + 2*k**2 + 0. Give i(-4).
0
Let f(w) be the first derivative of w**3/3 + 5*w**2/2 - 2. What is f(-4)?
-4
Let r = 59 + -58. Let u(i) = i - 1. Let s be u(1). Let y(d) = -2*d - 3 + s - r. What is y(-4)?
4
Let s(y) = -y**3 + 3 + 0*y**3 - 3661*y**2 + 3660*y**2. Let b = -2 - -2. Suppose 3*l + l = b. What is s(l)?
3
Let v(k) = -2*k**2 - 5*k. Let b(m) = -m - 1. Let h(t) = -2*b(t) + v(t). Suppose 0 = -q - 2*q + 15. Suppose 3*f = -3*n - 9, f + 3 = q*n - 0. Give h(f).
-7
Let a(s) = s - 5. Let c be (-9 + 1)*9/18. Determine a(c).
-9
Let w(f) be the second derivative of -f**5/20 + 3*f**4/4 - 7*f**3/6 - f**2 - 8*f. Let j be w(8). Let c(b) = b**3 - 7*b**2 + 6*b - 5. What is c(j)?
-5
Suppose c = -5*d - 1 + 8, 7 = -4*d - 5*c. Let r = 2 + 2. Let x(p) = -r*p - 3 + 4 - d + p**2. Determine x(5).
4
Let q(s) = 5*s**2 + 2*s - 5. Let l(c) = -11*c**2 - 4*c + 11. Let x(u) = -6*l(u) - 13*q(u). Let n = -9 - -11. Determine x(n).
-1
Let b(k) = -4*k + 3*k + k + k. Calculate b(0).
0
Let g = -3 - 8. Let q(r) = 6*r**3 + 9*r**2 + 5*r - 20. Let f(h) = h**3 + 2*h**2 + h - 4. Let k(l) = g*f(l) + 2*q(l). Let x be 2*(-1)/2*-4. Determine k(x).
0
Let z(j) be the first derivative of j**4/4 - j**3/3 + 3*j**2/2 - 3*j - 7. Give z(2).
7
Let o be (-5)/((-1 + -1)/2). Let b(m) = -4*m**2 + 2*m - 4*m**2 - 6 + o. What is b(1)?
-7
Let j = 48 - 43. Let v(x) be the third derivative of x**6/120 - x**5/12 + x**4/12 - 7*x**3/6 + x**2. Determine v(j).
3
Let u(y) be the third derivative of -1/8*y**4 + 0 - y**2 - 5/6*y**3 + 0*y. Suppose -5*x + c = -2*x + 11, -4*c + 4 = -2*x. Determine u(x).
7
Let m be (-5 - (1 + -3)) + 7. Let x(y) = -4*y + 1. Let a(n) = 0*n - 1 + 4*n - 3*n + 8*n. Let s(j) = 2*a(j) + 5*x(j). Give s(m).
-5
Let c(k) = -8*k - 5*k**2 + 8*k - 2 + 3. Calculate c(1).
-4
Let j(n) = -3*n - 6. Let u(g) = g + 2. Let l(x) = 2*j(x) + 7*u(x). Let i(y) = -y**2 - 18*y - 23. Let k be i(-17). What is l(k)?
-4
Let v(c) = 0*c**3 + 2 + 3*c - 2*c**3 + 9*c**2 + 3*c**3 + 6*c. Suppose 0*m + 